-2)/(-5) - 3825/(-125)?
21
Let z = -61 + 76. Suppose -4*j + 6 = -3*j. What is the remainder when z is divided by j?
3
Suppose 2469 = -8*v + 2693. What is the remainder when 100 is divided by v?
16
Let c = 4 - -1. Suppose -3*d + c*d - 128 = 0. Let m(f) = 38*f**2 - 301*f - 7. Calculate the remainder when d is divided by m(8).
13
Let j = 2037 - 1649. Calculate the remainder when j is divided by 10.
8
Suppose 0*f + 4*r + 15 = -5*f, r = 5*f - 10. Let x be f - (1 + 1 + 0). Calculate the remainder when 39 is divided by -3 + 1 + (x - -24).
18
Suppose -5*v + v = -12. Suppose 0 = -v*t + 2*t + 12. Calculate the remainder when (177/4 - (-6)/8) + 0 is divided by t.
9
Let u(g) = -g**2 + 2*g + 4. Let h be u(0). Let t be (6/5)/(h/(-20)). Calculate the remainder when (0 - -2)*(-141)/t is divided by 12.
11
Let l(j) = 3*j**2 + 12. Suppose 3*x - 2*x = 10. What is the remainder when l(-3) is divided by x?
9
Let k be -1 + 14 + (4/2)/(-2). Suppose 0 = -3*g + k, 0*g + 26 = 2*y + 3*g. What is the remainder when y is divided by 5?
2
Suppose -1111 = -36*m + 4109. What is the remainder when m is divided by 22?
13
Suppose -3*g = -15, -5*j - 3*g - 114 = -8*j. Let d(l) be the first derivative of -l**3/3 + 4*l**2 + 9*l - 4. Calculate the remainder when j is divided by d(7).
11
Suppose 5*u = u + 2*h + 128, 3*u - 95 = h. Let y = -777 - -869. Calculate the remainder when y is divided by u.
30
Suppose 1100 = 12*i + 152. What is the remainder when i is divided by (-24)/10*220/(-33)?
15
Let a(m) = 5*m**3 - m**2 - 2*m - 1. What is the remainder when a(2) is divided by 1342/77 - 18/42?
14
Let y(x) = -x + 10. Suppose -q + 1 = -8. Let u be y(q). Calculate the remainder when 28 is divided by 13 - (2 - (u - 2)).
8
Suppose 0 = 2*l + 3*o - 41 - 5, -20 = 5*o. Suppose -4*d + l = h, -70 = -2*h + 2*d + 2*d. What is the remainder when h is divided by 12?
9
Suppose 3*w + 80 = 2*c - 2*w, -c + 3*w = -41. Let f = 30 - 23. Let b = c - f. What is the remainder when b is divided by 16?
12
Let k = 64 - -2. Let c = 35 + k. Calculate the remainder when c is divided by 17.
16
Suppose 0 = t + 49*l - 48*l - 51, 4*l - 39 = -t. Calculate the remainder when 269 is divided by t.
49
Suppose p - 2*k + k - 97 = 0, 4*p = -k + 373. Let w = p - 27. Let y = -37 - -54. Calculate the remainder when w is divided by y.
16
Let v(m) = 9*m**2 - 3. Let k(l) = l**3 + l**2 + 2*l + 18. Let h be k(0). Suppose -d + h = -0*d. What is the remainder when v(2) is divided by d?
15
Let c(x) = 597*x**3 + x**2 - 3*x + 3. Calculate the remainder when c(1) is divided by 12.
10
Suppose -5*r + 160 = -3*r. Suppose 3*p - r = -p. Calculate the remainder when (6 + -1)*156/p is divided by 20.
19
What is the remainder when 39 is divided by 6/8 + 495/44?
3
Let y be 1 + (-12)/4 + 4. Suppose 0 = 3*j + y - 20. What is the remainder when 18 is divided by j?
0
Suppose -q + 2*v = -2*q - 8, 5*q + 2*v = 0. Suppose -q*a - 16 = -6*a. Suppose 4*z - 64 = a*l, 5*z - 3 - 69 = -3*l. What is the remainder when z is divided by 4?
3
Let d = 108 - 57. Suppose 3*y = -8*y + 165. What is the remainder when d is divided by y?
6
Suppose 0 = -4*v - v - 500. Let n = 175 + v. What is the remainder when n is divided by 19?
18
What is the remainder when (-18)/(-81) - (-925)/9 is divided by 63?
40
Let z = 6 + -20. Let g be ((-12)/z)/(30/105). Suppose -s - 5*l + 15 = -17, 3*s = g*l + 24. Calculate the remainder when 45 is divided by s.
9
Suppose 2*i = 7*a - 5*a - 24, 4*a - 54 = 2*i. Calculate the remainder when 491 is divided by a.
11
Let b = 1108 + 683. Calculate the remainder when b is divided by 28.
27
Suppose 0 = 3*g - 5*q - 203, -4*q - 14 = 2. What is the remainder when g is divided by 33?
28
Let h = -298 - -347. What is the remainder when h is divided by 13?
10
What is the remainder when 77 is divided by (2/3)/(35/315)?
5
Suppose -c + 11 = -w + 28, -4*c + 8 = 0. Suppose w = d - 13. Calculate the remainder when d is divided by (-4)/(12/(-9)) + 40/5.
10
What is the remainder when 526 is divided by (14 - (5 - (6 - -3))) + 5?
20
Let k = -1 + 1. Calculate the remainder when 39 is divided by k + ((-18)/(-1) - 4).
11
Suppose -2*d = -6*d - 5*x - 356, 5*x - 148 = 2*d. Let t = -59 - d. Let p(a) = a**2 + 2*a + 14. Calculate the remainder when p(5) is divided by t.
24
Let s = -105 - -236. Let t(y) = y**2 - 2*y - 2. Calculate the remainder when s is divided by t(-4).
21
Let b(m) = 8*m**2 - m - 1. Let y = -8 - -29. Calculate the remainder when y is divided by b(-1).
5
Suppose -7*n = -2*n - 925. Let a be (n/(-3) - -4)*3. Calculate the remainder when (-2)/4 - a/2 is divided by 29.
28
Suppose -46*b + 45*b + 108 = 5*x, -5*b - 2*x + 586 = 0. What is the remainder when b is divided by 24?
22
Suppose 0 = 2*n - 5*a - 21 - 1, 4*n + 2*a = 20. Let v(w) = 19*w + 1. What is the remainder when v(2) is divided by (3/n - 0)/((-4)/(-80))?
9
Suppose 0 = -7*g + 115 + 172. Calculate the remainder when 121 is divided by g.
39
Let d(m) = -m**3 + 3*m**2 - 2*m + 3. Let j be d(2). Suppose -4*k + j - 150 = -3*y, 4*y - 165 = -5*k. What is the remainder when y is divided by 12?
9
Let q(t) = 2*t + 24. Let d(j) = -j - 12. Let c(a) = -13*d(a) - 6*q(a). Calculate the remainder when 52 is divided by c(-2).
2
Suppose -15*f = -1151 + 101. Let w = f - 42. What is the remainder when 92 is divided by w?
8
Let a be -3 - 174 - (-3)/3. Let h = a + 264. What is the remainder when h is divided by 10?
8
What is the remainder when 2 is divided by -1*(50/175 + (-9)/7)?
0
Let a(b) = b**2 + 24*b - 9. What is the remainder when 26 is divided by a(-25)?
10
Suppose -133 - 133 = -7*j. Calculate the remainder when j is divided by 28.
10
Let f = 35 + -21. Suppose z - 73 = -32. What is the remainder when z is divided by f?
13
Suppose 35 = 24*m - 13. Calculate the remainder when 42 is divided by m.
0
Suppose 209 = -3*n + 8*n + 3*b, -4*b - 188 = -5*n. Calculate the remainder when 228 is divided by n.
28
Suppose -3*x - 72 = -2*x. Let a = -38 - x. What is the remainder when a is divided by 9?
7
Let x = 9 + -75. Calculate the remainder when ((-2)/((-4)/29))/((-33)/x) is divided by 8.
5
Suppose -6*j + 2*o = -j - 17, 0 = j - 4*o + 11. Suppose -j*k + 2*k = -819. Suppose 0 = -5*b + k - 63. Calculate the remainder when b is divided by 15.
12
Suppose -49*k + 60*k - 363 = 0. What is the remainder when k is divided by 5?
3
Suppose -3*x + 486 = -6*x. Let g(o) = o**2 + 38*o + 463. What is the remainder when g(-24) is divided by (-2)/5 - x/5?
31
Suppose 3*i - 79 = -4*y, -4*i - 3*y + 50 = -53. Suppose -6*j + i = -29. Let k(a) = -16*a + 2. Calculate the remainder when k(-2) is divided by j.
7
Let f(c) be the third derivative of -2*c**2 + 0 + 0*c - 1/8*c**4 + 13/6*c**3. Calculate the remainder when 23 is divided by f(0).
10
Let t be (-2 - -7)*(-1 - -2). Let n be (0/1)/(4 + -3). Suppose q - 19 + t = n. What is the remainder when q is divided by 4?
2
Let d(x) be the third derivative of x**5/60 - x**4/4 + 4*x**3/3 - x**2. Let u be (-1 - 1) + -2 + -2 + 12. Calculate the remainder when 13 is divided by d(u).
5
Suppose -3 = a, 11*c - 6*c + 5*a = -5. Calculate the remainder when c is divided by 2.
0
Let y be (-120)/(-32) - (-1)/4. Suppose 2*a = u - 58, 0 = 4*u - y*a + 141 - 381. What is the remainder when u is divided by 33?
29
Let j(k) = -2*k - 8. Let r be j(-6). Suppose -h - 2*x + 6 = 0, 0 = r*h - h - 2*x - 50. What is the remainder when 54 is divided by h?
12
Suppose 5*w - 39 = -m, -7 = -2*m - 3*w + 43. Calculate the remainder when 110 is divided by m.
15
Suppose -21*q + 43*q - 308 = 0. What is the remainder when 68 is divided by q?
12
Suppose 4*u = -4*u + 240. What is the remainder when (-4)/(20/(-755)) - 35/7 is divided by u?
26
Let n(x) = -13*x + 7 + 1 + 15*x - 2*x**2 + 4 - x**3. What is the remainder when 47 is divided by n(0)?
11
Suppose -5*x = g + 1 + 14, -5*g + 9 = -3*x. What is the remainder when 26 is divided by 21 - (-20)/12*x?
10
Suppose 3 = -3*u - 0*u, -2*n + 4*u + 52 = 0. What is the remainder when 93 is divided by n?
21
Let w(a) = -2*a**3 - 9*a**2 - 3*a - 6. Let m(r) = r**3 + 8*r**2 - 19*r + 5. Let g be m(-10). What is the remainder when w(g) is divided by 18?
16
Let c = 17 + -12. Suppose 3*o = -c + 47. What is the remainder when 81 is divided by o?
11
Suppose -105 = -i - 4*i. Let f(b) = b**2 - 3*b - 10. Let p be f(-8). Let d = 138 - p. What is